{"id":1954,"date":"2025-05-12T15:20:50","date_gmt":"2025-05-12T13:20:50","guid":{"rendered":"https:\/\/your-happy-birthday-song.com\/personalisiert-kostenlos\/geburtstagslied-fuer-hans\/"},"modified":"2025-06-02T12:58:04","modified_gmt":"2025-06-02T10:58:04","slug":"geburtstagslied-fuer-hans","status":"publish","type":"page","link":"https:\/\/your-happy-birthday-song.com\/personalisiert-kostenlos\/geburtstagslied-fuer-hans\/","title":{"rendered":"Geburtstagslied f\u00fcr Hans!"},"content":{"rendered":"\n<figure class=\"wp-block-embed is-type-video is-provider-youtube wp-block-embed-youtube wp-embed-aspect-16-9 wp-has-aspect-ratio\"><div class=\"wp-block-embed__wrapper\">\n<iframe loading=\"lazy\" title=\"Happy Birthday Song! Das personalisierte Geburtstagslied (A capella &amp; Rock&#039;n&#039;Roll)\" width=\"584\" height=\"329\" src=\"https:\/\/www.youtube.com\/embed\/8GYtH3ud494?feature=oembed\" frameborder=\"0\" allow=\"accelerometer; autoplay; clipboard-write; encrypted-media; gyroscope; picture-in-picture; web-share\" referrerpolicy=\"strict-origin-when-cross-origin\" allowfullscreen><\/iframe>\n<\/div><\/figure>\n\n\n\n<p><p> Dieses beliebte Geburtstagslied (vgl. die nicht personalisierte <a href=\"https:\/\/your-happy-birthday-song.com\/\">Originalversion<\/a>) war 2010 einer der Siegertitel des WDR5 Wettbewerbs <em><strong>KinderLiederWelt<\/strong><\/em>. <\/p> <p> Auf unserer Seite gibt es das Geburtstagslied kostenlos und personalisiert f\u00fcr den Namen <em><strong>Hans<\/strong><\/em> in 2 verschiedenen Versionen. Zum Download klicken Sie einfach mit der rechten Maustaste auf den Play-Button und w\u00e4hlen &#8216;Speichern unter&#8217;. <\/p><\/p>\n\n\n\n<figure class=\"wp-block-audio\"><audio controls src=\"https:\/\/your-happy-birthday-song.com\/wp-content\/uploads\/2022\/01\/MikeWilbury-feat-MarcosManzanedo_Hans_RocknRoll.mp3\"><\/audio><figcaption class=\"wp-element-caption\">Hans (Rock&#8217;n&#8217;Roll Version) <\/figcaption><\/figure>\n\n\n\n<figure class=\"wp-block-audio\"><audio controls src=\"https:\/\/your-happy-birthday-song.com\/wp-content\/uploads\/2022\/01\/MikeWilbury-feat-MarcosManzanedo_Hans_aCapella.mp3\"><\/audio><figcaption class=\"wp-element-caption\">Hans (A-Capella Version)<\/figcaption><\/figure>\n\n\n\n<h2 class=\"wp-block-heading\">Herkunft des Namens Hans<\/h2>\n\n\n\n<p>Der Name <strong>Hans<\/strong> ist eine Kurzform von <strong>Johannes<\/strong>, das aus dem Hebr\u00e4ischen \u201eY\u00f4\u1e25\u0101n\u0101n\u201c (\u201eYahwe ist gn\u00e4dig\u201c) stammt. \u00dcber das Griechische \u201eI\u014dann\u0113s\u201c und Lateinische \u201eIoannes\u201c gelangte Johannes ins Althochdeutsche. Aus dieser l\u00e4ngeren Form entstand im Mittelalter in Deutschland die Kurzform Hans, die schnell eigenst\u00e4ndig gebr\u00e4uchlich wurde.<\/p>\n\n\n\n<p>Bereits im 13.\u202fJahrhundert war Hans in deutschen L\u00e4ndern weit verbreitet, nicht zuletzt dank zahlreicher Heiliger und christlicher Traditionen. Im Fr\u00fchneuhochdeutschen setzte sich Hans als gel\u00e4ufige Kurzversion durch, oft kombiniert mit einem zweiten Namen (z.\u202fB. Hans\u2011Peter).<\/p>\n\n\n\n<p>Im 20.\u202fJahrhundert geh\u00f6rte Hans zu den beliebtesten Jungennamen in Deutschland, besonders bei den Jahrg\u00e4ngen der 1920er bis 1950er Jahre. Heute ist Hans seltener, gilt aber nach wie vor als klassischer, bodenst\u00e4ndiger Name mit langer Tradition.<\/p>\n","protected":false},"excerpt":{"rendered":"<p>Das Geburtstagslied &#8216;Weil Heute Dein Geburtstag Ist&#8217; personalisiert auf den Namen Hans (2 Versionen: Rock&#8217;n&#8217;Roll und A-Capella).\u00a0\u00a0<\/p>\n<p> <a href=\"https:\/\/your-happy-birthday-song.com\/personalisiert-kostenlos\/geburtstagslied-fuer-hans\/\">Continue reading <span class=\"meta-nav\">&rarr;<\/span><\/a><\/p>\n","protected":false},"author":1,"featured_media":0,"parent":0,"menu_order":0,"comment_status":"closed","ping_status":"closed","template":"","meta":{"footnotes":""},"class_list":["post-1954","page","type-page","status-publish","hentry"],"yoast_head":"<!-- This site is optimized with the Yoast SEO plugin v27.3 - https:\/\/yoast.com\/product\/yoast-seo-wordpress\/ -->\n<title>Geburtstagslied f\u00fcr Hans! - Happy Birthday<\/title>\n<meta name=\"description\" content=\"Happy Birthday %Personalisiertes Geburtstaslied %\" \/>\n<meta name=\"robots\" content=\"index, follow, max-snippet:-1, max-image-preview:large, max-video-preview:-1\" \/>\n<link rel=\"canonical\" href=\"https:\/\/your-happy-birthday-song.com\/personalisiert-kostenlos\/geburtstagslied-fuer-hans\/\" \/>\n<meta property=\"og:locale\" content=\"en_US\" \/>\n<meta property=\"og:type\" content=\"article\" \/>\n<meta property=\"og:title\" content=\"Geburtstagslied f\u00fcr Hans! - Happy Birthday\" \/>\n<meta property=\"og:description\" content=\"Happy Birthday %Personalisiertes Geburtstaslied %\" \/>\n<meta property=\"og:url\" content=\"https:\/\/your-happy-birthday-song.com\/personalisiert-kostenlos\/geburtstagslied-fuer-hans\/\" \/>\n<meta property=\"og:site_name\" content=\"Happy Birthday\" \/>\n<meta property=\"article:modified_time\" content=\"2025-06-02T10:58:04+00:00\" \/>\n<meta name=\"twitter:card\" content=\"summary_large_image\" \/>\n<meta name=\"twitter:label1\" content=\"Est. reading time\" \/>\n\t<meta name=\"twitter:data1\" content=\"1 minute\" \/>\n<script type=\"application\/ld+json\" class=\"yoast-schema-graph\">{\"@context\":\"https:\\\/\\\/schema.org\",\"@graph\":[{\"@type\":\"WebPage\",\"@id\":\"https:\\\/\\\/your-happy-birthday-song.com\\\/personalisiert-kostenlos\\\/geburtstagslied-fuer-hans\\\/\",\"url\":\"https:\\\/\\\/your-happy-birthday-song.com\\\/personalisiert-kostenlos\\\/geburtstagslied-fuer-hans\\\/\",\"name\":\"Geburtstagslied f\u00fcr Hans! - Happy Birthday\",\"isPartOf\":{\"@id\":\"https:\\\/\\\/your-happy-birthday-song.com\\\/personalisiert-kostenlos\\\/#website\"},\"datePublished\":\"2025-05-12T13:20:50+00:00\",\"dateModified\":\"2025-06-02T10:58:04+00:00\",\"description\":\"Happy Birthday %Personalisiertes Geburtstaslied %\",\"breadcrumb\":{\"@id\":\"https:\\\/\\\/your-happy-birthday-song.com\\\/personalisiert-kostenlos\\\/geburtstagslied-fuer-hans\\\/#breadcrumb\"},\"inLanguage\":\"en-US\",\"potentialAction\":[{\"@type\":\"ReadAction\",\"target\":[\"https:\\\/\\\/your-happy-birthday-song.com\\\/personalisiert-kostenlos\\\/geburtstagslied-fuer-hans\\\/\"]}]},{\"@type\":\"BreadcrumbList\",\"@id\":\"https:\\\/\\\/your-happy-birthday-song.com\\\/personalisiert-kostenlos\\\/geburtstagslied-fuer-hans\\\/#breadcrumb\",\"itemListElement\":[{\"@type\":\"ListItem\",\"position\":1,\"name\":\"Home\",\"item\":\"https:\\\/\\\/your-happy-birthday-song.com\\\/personalisiert-kostenlos\\\/\"},{\"@type\":\"ListItem\",\"position\":2,\"name\":\"Geburtstagslied f\u00fcr Hans!\"}]},{\"@type\":\"WebSite\",\"@id\":\"https:\\\/\\\/your-happy-birthday-song.com\\\/personalisiert-kostenlos\\\/#website\",\"url\":\"https:\\\/\\\/your-happy-birthday-song.com\\\/personalisiert-kostenlos\\\/\",\"name\":\"Happy Birthday - Das personalisierte Geburtstagslied\",\"description\":\"Personalisiertes Geburtstagslied\",\"publisher\":{\"@id\":\"https:\\\/\\\/your-happy-birthday-song.com\\\/personalisiert-kostenlos\\\/#organization\"},\"potentialAction\":[{\"@type\":\"SearchAction\",\"target\":{\"@type\":\"EntryPoint\",\"urlTemplate\":\"https:\\\/\\\/your-happy-birthday-song.com\\\/personalisiert-kostenlos\\\/?s={search_term_string}\"},\"query-input\":{\"@type\":\"PropertyValueSpecification\",\"valueRequired\":true,\"valueName\":\"search_term_string\"}}],\"inLanguage\":\"en-US\"},{\"@type\":\"Organization\",\"@id\":\"https:\\\/\\\/your-happy-birthday-song.com\\\/personalisiert-kostenlos\\\/#organization\",\"name\":\"Happy Birthday Band\",\"url\":\"https:\\\/\\\/your-happy-birthday-song.com\\\/personalisiert-kostenlos\\\/\",\"logo\":{\"@type\":\"ImageObject\",\"inLanguage\":\"en-US\",\"@id\":\"https:\\\/\\\/your-happy-birthday-song.com\\\/personalisiert-kostenlos\\\/#\\\/schema\\\/logo\\\/image\\\/\",\"url\":\"https:\\\/\\\/your-happy-birthday-song.com\\\/wp-content\\\/uploads\\\/2021\\\/12\\\/Header1300x500.png\",\"contentUrl\":\"https:\\\/\\\/your-happy-birthday-song.com\\\/wp-content\\\/uploads\\\/2021\\\/12\\\/Header1300x500.png\",\"width\":1300,\"height\":500,\"caption\":\"Happy Birthday Band\"},\"image\":{\"@id\":\"https:\\\/\\\/your-happy-birthday-song.com\\\/personalisiert-kostenlos\\\/#\\\/schema\\\/logo\\\/image\\\/\"},\"sameAs\":[\"https:\\\/\\\/www.youtube.com\\\/channel\\\/UCJaulRfWR_ucROonbTdIKhA\"]}]}<\/script>\n<!-- \/ Yoast SEO plugin. -->","yoast_head_json":{"title":"Geburtstagslied f\u00fcr Hans! - Happy Birthday","description":"Happy Birthday %Personalisiertes Geburtstaslied %","robots":{"index":"index","follow":"follow","max-snippet":"max-snippet:-1","max-image-preview":"max-image-preview:large","max-video-preview":"max-video-preview:-1"},"canonical":"https:\/\/your-happy-birthday-song.com\/personalisiert-kostenlos\/geburtstagslied-fuer-hans\/","og_locale":"en_US","og_type":"article","og_title":"Geburtstagslied f\u00fcr Hans! - Happy Birthday","og_description":"Happy Birthday %Personalisiertes Geburtstaslied %","og_url":"https:\/\/your-happy-birthday-song.com\/personalisiert-kostenlos\/geburtstagslied-fuer-hans\/","og_site_name":"Happy Birthday","article_modified_time":"2025-06-02T10:58:04+00:00","twitter_card":"summary_large_image","twitter_misc":{"Est. reading time":"1 minute"},"schema":{"@context":"https:\/\/schema.org","@graph":[{"@type":"WebPage","@id":"https:\/\/your-happy-birthday-song.com\/personalisiert-kostenlos\/geburtstagslied-fuer-hans\/","url":"https:\/\/your-happy-birthday-song.com\/personalisiert-kostenlos\/geburtstagslied-fuer-hans\/","name":"Geburtstagslied f\u00fcr Hans! - Happy Birthday","isPartOf":{"@id":"https:\/\/your-happy-birthday-song.com\/personalisiert-kostenlos\/#website"},"datePublished":"2025-05-12T13:20:50+00:00","dateModified":"2025-06-02T10:58:04+00:00","description":"Happy Birthday %Personalisiertes Geburtstaslied %","breadcrumb":{"@id":"https:\/\/your-happy-birthday-song.com\/personalisiert-kostenlos\/geburtstagslied-fuer-hans\/#breadcrumb"},"inLanguage":"en-US","potentialAction":[{"@type":"ReadAction","target":["https:\/\/your-happy-birthday-song.com\/personalisiert-kostenlos\/geburtstagslied-fuer-hans\/"]}]},{"@type":"BreadcrumbList","@id":"https:\/\/your-happy-birthday-song.com\/personalisiert-kostenlos\/geburtstagslied-fuer-hans\/#breadcrumb","itemListElement":[{"@type":"ListItem","position":1,"name":"Home","item":"https:\/\/your-happy-birthday-song.com\/personalisiert-kostenlos\/"},{"@type":"ListItem","position":2,"name":"Geburtstagslied f\u00fcr Hans!"}]},{"@type":"WebSite","@id":"https:\/\/your-happy-birthday-song.com\/personalisiert-kostenlos\/#website","url":"https:\/\/your-happy-birthday-song.com\/personalisiert-kostenlos\/","name":"Happy Birthday - Das personalisierte Geburtstagslied","description":"Personalisiertes Geburtstagslied","publisher":{"@id":"https:\/\/your-happy-birthday-song.com\/personalisiert-kostenlos\/#organization"},"potentialAction":[{"@type":"SearchAction","target":{"@type":"EntryPoint","urlTemplate":"https:\/\/your-happy-birthday-song.com\/personalisiert-kostenlos\/?s={search_term_string}"},"query-input":{"@type":"PropertyValueSpecification","valueRequired":true,"valueName":"search_term_string"}}],"inLanguage":"en-US"},{"@type":"Organization","@id":"https:\/\/your-happy-birthday-song.com\/personalisiert-kostenlos\/#organization","name":"Happy Birthday Band","url":"https:\/\/your-happy-birthday-song.com\/personalisiert-kostenlos\/","logo":{"@type":"ImageObject","inLanguage":"en-US","@id":"https:\/\/your-happy-birthday-song.com\/personalisiert-kostenlos\/#\/schema\/logo\/image\/","url":"https:\/\/your-happy-birthday-song.com\/wp-content\/uploads\/2021\/12\/Header1300x500.png","contentUrl":"https:\/\/your-happy-birthday-song.com\/wp-content\/uploads\/2021\/12\/Header1300x500.png","width":1300,"height":500,"caption":"Happy Birthday Band"},"image":{"@id":"https:\/\/your-happy-birthday-song.com\/personalisiert-kostenlos\/#\/schema\/logo\/image\/"},"sameAs":["https:\/\/www.youtube.com\/channel\/UCJaulRfWR_ucROonbTdIKhA"]}]}},"jetpack_sharing_enabled":true,"_links":{"self":[{"href":"https:\/\/your-happy-birthday-song.com\/personalisiert-kostenlos\/wp-json\/wp\/v2\/pages\/1954","targetHints":{"allow":["GET"]}}],"collection":[{"href":"https:\/\/your-happy-birthday-song.com\/personalisiert-kostenlos\/wp-json\/wp\/v2\/pages"}],"about":[{"href":"https:\/\/your-happy-birthday-song.com\/personalisiert-kostenlos\/wp-json\/wp\/v2\/types\/page"}],"author":[{"embeddable":true,"href":"https:\/\/your-happy-birthday-song.com\/personalisiert-kostenlos\/wp-json\/wp\/v2\/users\/1"}],"replies":[{"embeddable":true,"href":"https:\/\/your-happy-birthday-song.com\/personalisiert-kostenlos\/wp-json\/wp\/v2\/comments?post=1954"}],"version-history":[{"count":1,"href":"https:\/\/your-happy-birthday-song.com\/personalisiert-kostenlos\/wp-json\/wp\/v2\/pages\/1954\/revisions"}],"predecessor-version":[{"id":2278,"href":"https:\/\/your-happy-birthday-song.com\/personalisiert-kostenlos\/wp-json\/wp\/v2\/pages\/1954\/revisions\/2278"}],"wp:attachment":[{"href":"https:\/\/your-happy-birthday-song.com\/personalisiert-kostenlos\/wp-json\/wp\/v2\/media?parent=1954"}],"curies":[{"name":"wp","href":"https:\/\/api.w.org\/{rel}","templated":true}]}}